{"id":723,"date":"2025-10-20T19:12:22","date_gmt":"2025-10-20T19:12:22","guid":{"rendered":"https:\/\/nutriformat.com\/?page_id=723"},"modified":"2025-10-20T19:19:01","modified_gmt":"2025-10-20T19:19:01","slug":"politique-de-confidentialite","status":"publish","type":"page","link":"https:\/\/nutriformat.com\/?page_id=723","title":{"rendered":"Politique de confidentialit\u00e9"},"content":{"rendered":"\t\t<div data-elementor-type=\"wp-page\" data-elementor-id=\"723\" class=\"elementor elementor-723\" data-elementor-post-type=\"page\">\n\t\t\t\t<div class=\"elementor-element elementor-element-df2ba0b e-flex e-con-boxed e-con e-parent\" data-id=\"df2ba0b\" data-element_type=\"container\" data-e-type=\"container\" data-settings=\"{&quot;background_background&quot;:&quot;classic&quot;}\">\n\t\t\t\t\t<div class=\"e-con-inner\">\n\t\t\t\t<div class=\"elementor-element elementor-element-4e15497 elementor-widget elementor-widget-heading\" data-id=\"4e15497\" data-element_type=\"widget\" data-e-type=\"widget\" data-widget_type=\"heading.default\">\n\t\t\t\t\t<h2 class=\"elementor-heading-title elementor-size-default\">Politique de confidentialit\u00e9<\/h2>\t\t\t\t<\/div>\n\t\t\t\t<div class=\"elementor-element elementor-element-ae5585a elementor-widget elementor-widget-text-editor\" data-id=\"ae5585a\" data-element_type=\"widget\" data-e-type=\"widget\" data-widget_type=\"text-editor.default\">\n\t\t\t\t\t\t\t\t\t<p data-start=\"218\" data-end=\"389\"><strong data-start=\"218\" data-end=\"252\">Article 1 \u2013 Donn\u00e9es collect\u00e9es<\/strong><br data-start=\"252\" data-end=\"255\" \/>Le site <a class=\"decorated-link\" href=\"https:\/\/nutriformat.com\" target=\"_new\" rel=\"noopener\" data-start=\"263\" data-end=\"305\">nutriformat.com<\/a> peut collecter les donn\u00e9es personnelles suivantes via son formulaire de contact :<\/p><ul data-start=\"390\" data-end=\"539\"><li data-start=\"390\" data-end=\"407\"><p data-start=\"392\" data-end=\"407\">Nom et pr\u00e9nom<\/p><\/li><li data-start=\"408\" data-end=\"426\"><p data-start=\"410\" data-end=\"426\">Adresse e-mail<\/p><\/li><li data-start=\"427\" data-end=\"450\"><p data-start=\"429\" data-end=\"450\">Num\u00e9ro de t\u00e9l\u00e9phone<\/p><\/li><li data-start=\"451\" data-end=\"539\"><p data-start=\"453\" data-end=\"539\">Message transmis dans le cadre d\u2019une prise de contact ou d\u2019une demande d\u2019information<\/p><\/li><\/ul><p data-start=\"541\" data-end=\"620\">Des donn\u00e9es de navigation peuvent \u00e9galement \u00eatre collect\u00e9es automatiquement :<\/p><ul data-start=\"621\" data-end=\"733\"><li data-start=\"621\" data-end=\"660\"><p data-start=\"623\" data-end=\"660\">Cookies (voir Politique de cookies)<\/p><\/li><li data-start=\"661\" data-end=\"733\"><p data-start=\"663\" data-end=\"733\">Donn\u00e9es techniques de connexion (adresse IP, type de navigateur, etc.)<\/p><\/li><\/ul><p data-start=\"735\" data-end=\"822\"><strong data-start=\"735\" data-end=\"774\">Article 2 \u2013 Finalit\u00e9s du traitement<\/strong><br data-start=\"774\" data-end=\"777\" \/>Les donn\u00e9es collect\u00e9es ont pour objectifs :<\/p><ul data-start=\"823\" data-end=\"1117\"><li data-start=\"823\" data-end=\"904\"><p data-start=\"825\" data-end=\"904\">La gestion des demandes de contact et des \u00e9changes avec les visiteurs du site<\/p><\/li><li data-start=\"905\" data-end=\"970\"><p data-start=\"907\" data-end=\"970\">Le suivi administratif et commercial des prospects et clients<\/p><\/li><li data-start=\"971\" data-end=\"1060\"><p data-start=\"973\" data-end=\"1060\">L\u2019am\u00e9lioration du site et de l\u2019exp\u00e9rience utilisateur (statistiques de fr\u00e9quentation)<\/p><\/li><li data-start=\"1061\" data-end=\"1117\"><p data-start=\"1063\" data-end=\"1117\">Le respect des obligations l\u00e9gales et r\u00e9glementaires<\/p><\/li><\/ul><p data-start=\"1119\" data-end=\"1223\"><strong data-start=\"1119\" data-end=\"1160\">Article 3 \u2013 Base l\u00e9gale du traitement<\/strong><br data-start=\"1160\" data-end=\"1163\" \/>Les traitements reposent sur les bases l\u00e9gales suivantes :<\/p><ul data-start=\"1224\" data-end=\"1514\"><li data-start=\"1224\" data-end=\"1320\"><p data-start=\"1226\" data-end=\"1320\">Consentement de l\u2019utilisateur (formulaire de contact, cookies statistiques ou publicitaires)<\/p><\/li><li data-start=\"1321\" data-end=\"1409\"><p data-start=\"1323\" data-end=\"1409\">Int\u00e9r\u00eat l\u00e9gitime de Nutriformat\u2019 pour assurer la gestion et le suivi de ses contacts<\/p><\/li><li data-start=\"1410\" data-end=\"1514\"><p data-start=\"1412\" data-end=\"1514\">Obligation l\u00e9gale, notamment pour la conservation de certaines donn\u00e9es administratives ou comptables<\/p><\/li><\/ul><p data-start=\"1516\" data-end=\"1625\"><strong data-start=\"1516\" data-end=\"1553\">Article 4 \u2013 Dur\u00e9e de conservation<\/strong><br data-start=\"1553\" data-end=\"1556\" \/>Les donn\u00e9es personnelles sont conserv\u00e9es pour des dur\u00e9es limit\u00e9es :<\/p><ul data-start=\"1626\" data-end=\"1857\"><li data-start=\"1626\" data-end=\"1710\"><p data-start=\"1628\" data-end=\"1710\">Donn\u00e9es issues du formulaire de contact : 3 ans maximum apr\u00e8s le dernier \u00e9change<\/p><\/li><li data-start=\"1711\" data-end=\"1764\"><p data-start=\"1713\" data-end=\"1764\">Donn\u00e9es de navigation (cookies) : 13 mois maximum<\/p><\/li><li data-start=\"1765\" data-end=\"1857\"><p data-start=\"1767\" data-end=\"1857\">Donn\u00e9es comptables ou administratives : selon la dur\u00e9e l\u00e9gale de conservation applicable<\/p><\/li><\/ul><p data-start=\"1859\" data-end=\"2010\"><strong data-start=\"1859\" data-end=\"1898\">Article 5 \u2013 Droits des utilisateurs<\/strong><br data-start=\"1898\" data-end=\"1901\" \/>Conform\u00e9ment au R\u00e8glement G\u00e9n\u00e9ral sur la Protection des Donn\u00e9es (RGPD), vous disposez des droits suivants :<\/p><ul data-start=\"2011\" data-end=\"2318\"><li data-start=\"2011\" data-end=\"2055\"><p data-start=\"2013\" data-end=\"2055\">Droit d\u2019acc\u00e8s \u00e0 vos donn\u00e9es personnelles<\/p><\/li><li data-start=\"2056\" data-end=\"2124\"><p data-start=\"2058\" data-end=\"2124\">Droit de rectification des informations inexactes ou incompl\u00e8tes<\/p><\/li><li data-start=\"2125\" data-end=\"2184\"><p data-start=\"2127\" data-end=\"2184\">Droit \u00e0 l\u2019effacement de vos donn\u00e9es (\u201cdroit \u00e0 l\u2019oubli\u201d)<\/p><\/li><li data-start=\"2185\" data-end=\"2224\"><p data-start=\"2187\" data-end=\"2224\">Droit \u00e0 la limitation du traitement<\/p><\/li><li data-start=\"2225\" data-end=\"2276\"><p data-start=\"2227\" data-end=\"2276\">Droit d\u2019opposition au traitement de vos donn\u00e9es<\/p><\/li><li data-start=\"2277\" data-end=\"2318\"><p data-start=\"2279\" data-end=\"2318\">Droit \u00e0 la portabilit\u00e9 de vos donn\u00e9es<\/p><\/li><\/ul><p data-start=\"2320\" data-end=\"2485\">Pour exercer ces droits, vous pouvez contacter la responsable du traitement :<br data-start=\"2397\" data-end=\"2400\" \/>Manon CLAVIER \u2013 Fondatrice de Nutriformat\u2019<br data-start=\"2442\" data-end=\"2445\" \/>Adresse e-mail : <a class=\"decorated-link cursor-pointer\" rel=\"noopener\" data-start=\"2462\" data-end=\"2485\">contact@nutriformat.com<\/a><\/p><p data-start=\"2487\" data-end=\"2782\"><strong data-start=\"2487\" data-end=\"2529\">Article 6 \u2013 S\u00e9curit\u00e9 et sous-traitants<\/strong><br data-start=\"2529\" data-end=\"2532\" \/>Les donn\u00e9es personnelles sont stock\u00e9es sur des serveurs s\u00e9curis\u00e9s h\u00e9berg\u00e9s par OVH SAS (France).<br data-start=\"2628\" data-end=\"2631\" \/>Nutriformat\u2019 met en \u0153uvre toutes les mesures techniques et organisationnelles n\u00e9cessaires pour assurer la s\u00e9curit\u00e9 et la confidentialit\u00e9 des donn\u00e9es.<\/p><p data-start=\"2784\" data-end=\"3011\">Certaines donn\u00e9es peuvent \u00eatre transmises \u00e0 des prestataires techniques (h\u00e9bergement, maintenance, outils statistiques), uniquement dans le cadre de l\u2019ex\u00e9cution des services propos\u00e9s et conform\u00e9ment \u00e0 la l\u00e9gislation en vigueur.<\/p><p data-start=\"3013\" data-end=\"3179\"><strong data-start=\"3013\" data-end=\"3052\">Article 7 \u2013 Contact et r\u00e9clamations<\/strong><br data-start=\"3052\" data-end=\"3055\" \/>Pour toute question relative \u00e0 la protection de vos donn\u00e9es personnelles, vous pouvez \u00e9crire \u00e0 :<br data-start=\"3151\" data-end=\"3154\" \/><a class=\"decorated-link cursor-pointer\" rel=\"noopener\" data-start=\"3154\" data-end=\"3177\">contact@nutriformat.com<\/a><\/p><p data-start=\"3181\" data-end=\"3357\">Si vous estimez, apr\u00e8s nous avoir contact\u00e9s, que vos droits ne sont pas respect\u00e9s, vous pouvez adresser une r\u00e9clamation \u00e0 la CNIL :<br data-start=\"3312\" data-end=\"3315\" \/><a class=\"decorated-link\" href=\"https:\/\/www.cnil.fr\" target=\"_new\" rel=\"noopener\" data-start=\"3315\" data-end=\"3357\">https:\/\/www.cnil.fr<\/a><\/p>\t\t\t\t\t\t\t\t<\/div>\n\t\t\t\t\t<\/div>\n\t\t\t\t<\/div>\n\t\t\t\t<\/div>\n\t\t","protected":false},"excerpt":{"rendered":"<p>Politique de confidentialit\u00e9 Article 1 \u2013 Donn\u00e9es collect\u00e9esLe site nutriformat.com peut collecter les donn\u00e9es personnelles suivantes via son formulaire de contact : Nom et pr\u00e9nom Adresse e-mail Num\u00e9ro de t\u00e9l\u00e9phone Message transmis dans le cadre d\u2019une prise de contact ou d\u2019une demande d\u2019information Des donn\u00e9es de navigation peuvent \u00e9galement \u00eatre collect\u00e9es automatiquement : Cookies (voir [&hellip;]<\/p>\n","protected":false},"author":1,"featured_media":0,"parent":0,"menu_order":0,"comment_status":"closed","ping_status":"closed","template":"","meta":{"footnotes":""},"class_list":["post-723","page","type-page","status-publish","hentry"],"_links":{"self":[{"href":"https:\/\/nutriformat.com\/index.php?rest_route=\/wp\/v2\/pages\/723","targetHints":{"allow":["GET"]}}],"collection":[{"href":"https:\/\/nutriformat.com\/index.php?rest_route=\/wp\/v2\/pages"}],"about":[{"href":"https:\/\/nutriformat.com\/index.php?rest_route=\/wp\/v2\/types\/page"}],"author":[{"embeddable":true,"href":"https:\/\/nutriformat.com\/index.php?rest_route=\/wp\/v2\/users\/1"}],"replies":[{"embeddable":true,"href":"https:\/\/nutriformat.com\/index.php?rest_route=%2Fwp%2Fv2%2Fcomments&post=723"}],"version-history":[{"count":7,"href":"https:\/\/nutriformat.com\/index.php?rest_route=\/wp\/v2\/pages\/723\/revisions"}],"predecessor-version":[{"id":731,"href":"https:\/\/nutriformat.com\/index.php?rest_route=\/wp\/v2\/pages\/723\/revisions\/731"}],"wp:attachment":[{"href":"https:\/\/nutriformat.com\/index.php?rest_route=%2Fwp%2Fv2%2Fmedia&parent=723"}],"curies":[{"name":"wp","href":"https:\/\/api.w.org\/{rel}","templated":true}]}}